{"id":887,"date":"2014-06-24T12:56:08","date_gmt":"2014-06-24T09:56:08","guid":{"rendered":"http:\/\/www.tuntsakauppa.fi\/fi\/?post_type=product&#038;p=887"},"modified":"2026-04-25T14:12:43","modified_gmt":"2026-04-25T11:12:43","slug":"uusi-hirvipipo","status":"publish","type":"product","link":"https:\/\/www.tuntsa.fi\/kauppa\/?product=uusi-hirvipipo","title":{"rendered":"Maastopipo"},"content":{"rendered":"<p>Materiaali ulkopuoli akryyli, sis\u00e4puoli\u00a0 puuvilla.<\/p>\n","protected":false},"excerpt":{"rendered":"<p>Maastokuviopipo. Yksi koko.<\/p>\n<p>Laita merkint\u00e4 lis\u00e4tietoihin mink\u00e4 v\u00e4rin valitset; maastokuvio, hirvipipo, katumaasto tai beige. My\u00f6s valkoinen yksiv\u00e4rinen muutama kappale.<\/p>\n","protected":false},"featured_media":3218,"comment_status":"closed","ping_status":"closed","template":"","meta":[],"_links":{"self":[{"href":"https:\/\/www.tuntsa.fi\/kauppa\/index.php?rest_route=\/wp\/v2\/product\/887"}],"collection":[{"href":"https:\/\/www.tuntsa.fi\/kauppa\/index.php?rest_route=\/wp\/v2\/product"}],"about":[{"href":"https:\/\/www.tuntsa.fi\/kauppa\/index.php?rest_route=\/wp\/v2\/types\/product"}],"replies":[{"embeddable":true,"href":"https:\/\/www.tuntsa.fi\/kauppa\/index.php?rest_route=%2Fwp%2Fv2%2Fcomments&post=887"}],"wp:featuredmedia":[{"embeddable":true,"href":"https:\/\/www.tuntsa.fi\/kauppa\/index.php?rest_route=\/wp\/v2\/media\/3218"}],"wp:attachment":[{"href":"https:\/\/www.tuntsa.fi\/kauppa\/index.php?rest_route=%2Fwp%2Fv2%2Fmedia&parent=887"}],"curies":[{"name":"wp","href":"https:\/\/api.w.org\/{rel}","templated":true}]}}