{"id":64,"date":"2013-03-06T12:44:21","date_gmt":"2013-03-06T10:44:21","guid":{"rendered":"http:\/\/www.tuntsakauppa.fi\/fi\/?post_type=product&#038;p=64"},"modified":"2022-02-02T12:06:36","modified_gmt":"2022-02-02T10:06:36","slug":"juuvi-puupoltin","status":"publish","type":"product","link":"https:\/\/www.tuntsa.fi\/kauppa\/?product=juuvi-puupoltin","title":{"rendered":"Juuvi-puupoltin"},"content":{"rendered":"<p>&#8211; puhallintehosteinen puupoltin retkeilyk\u00e4ytt\u00f6\u00f6n<br \/>\n&#8211; polttaa savuttomasti my\u00f6s huonolaatuista puuta<br \/>\n&#8211; eritt\u00e4in tehokas keittimen ja l\u00e4mmittimen yhdistelm\u00e4<\/p>\n<p>&#8211; suunniteltu kest\u00e4m\u00e4\u00e4n jatkuvaa polttoa<br \/>\n&#8211; riitt\u00e4v\u00e4n suuri puutila tulista nauttimiseen \u2013 Juuvi ei ole pelkk\u00e4 \u201crisukeitin\u201d<br \/>\n&#8211; oikein k\u00e4ytettyn\u00e4 paloturvallinen avotulen korvaaja<br \/>\n&#8211; ei j\u00e4t\u00e4 j\u00e4lkeens\u00e4 nuotion j\u00e4lki\u00e4<\/p>\n","protected":false},"excerpt":{"rendered":"<p><strong><span style=\"color: #ff0000;\">HUOM!<\/span><br \/>\nJUUVI-PUUPOLTTIMET VALMISTAJAN VERKKOKAUPASTA.<\/strong><\/p>\n","protected":false},"featured_media":1973,"comment_status":"closed","ping_status":"closed","template":"","meta":[],"product_brand":[],"product_cat":[28],"product_tag":[],"class_list":{"0":"post-64","1":"product","2":"type-product","3":"status-publish","4":"has-post-thumbnail","6":"product_cat-juuvi_tuotteet","7":"pa_poltinpaketti-ei_lisaosia","8":"pa_poltinpaketti-korokeverkko","9":"pa_poltinpaketti-keittotaso_1","10":"pa_poltinpaketti-keittotaso_2","11":"post","12":"post-with-thumbnail","13":"post-with-thumbnail-large","15":"first","16":"instock","17":"taxable","18":"shipping-taxable","19":"purchasable","20":"product-type-simple"},"_links":{"self":[{"href":"https:\/\/www.tuntsa.fi\/kauppa\/index.php?rest_route=\/wp\/v2\/product\/64","targetHints":{"allow":["GET"]}}],"collection":[{"href":"https:\/\/www.tuntsa.fi\/kauppa\/index.php?rest_route=\/wp\/v2\/product"}],"about":[{"href":"https:\/\/www.tuntsa.fi\/kauppa\/index.php?rest_route=\/wp\/v2\/types\/product"}],"replies":[{"embeddable":true,"href":"https:\/\/www.tuntsa.fi\/kauppa\/index.php?rest_route=%2Fwp%2Fv2%2Fcomments&post=64"}],"wp:featuredmedia":[{"embeddable":true,"href":"https:\/\/www.tuntsa.fi\/kauppa\/index.php?rest_route=\/wp\/v2\/media\/1973"}],"wp:attachment":[{"href":"https:\/\/www.tuntsa.fi\/kauppa\/index.php?rest_route=%2Fwp%2Fv2%2Fmedia&parent=64"}],"wp:term":[{"taxonomy":"product_brand","embeddable":true,"href":"https:\/\/www.tuntsa.fi\/kauppa\/index.php?rest_route=%2Fwp%2Fv2%2Fproduct_brand&post=64"},{"taxonomy":"product_cat","embeddable":true,"href":"https:\/\/www.tuntsa.fi\/kauppa\/index.php?rest_route=%2Fwp%2Fv2%2Fproduct_cat&post=64"},{"taxonomy":"product_tag","embeddable":true,"href":"https:\/\/www.tuntsa.fi\/kauppa\/index.php?rest_route=%2Fwp%2Fv2%2Fproduct_tag&post=64"}],"curies":[{"name":"wp","href":"https:\/\/api.w.org\/{rel}","templated":true}]}}