{"id":292,"date":"2013-03-14T10:50:22","date_gmt":"2013-03-14T08:50:22","guid":{"rendered":"http:\/\/www.tuntsakauppa.fi\/fi\/?product=anorakki-aavikko"},"modified":"2025-11-03T08:43:31","modified_gmt":"2025-11-03T06:43:31","slug":"anorakki-aavikko","status":"publish","type":"product","link":"https:\/\/www.tuntsa.fi\/kauppa\/?product=anorakki-aavikko","title":{"rendered":"Anorakki, aavikko"},"content":{"rendered":"","protected":false},"excerpt":{"rendered":"<p>Vaaleampi ja hillitty &#8221;aavikko&#8221;-kuvio sopii er\u00e4lle ja vapaa-aikaan &#8211; niin kaislikoihin kuin karpalosoille. Muita maastokuvioita kevyempi kangaslaatu sopii my\u00f6s kes\u00e4\u00e4n. Edullinen mutta laadukas anorakki.<\/p>\n<p>Poistuva kuosi, ei en\u00e4\u00e4 lis\u00e4\u00e4 saatavilla jos ei n\u00e4y valikossa.<\/p>\n","protected":false},"featured_media":3171,"comment_status":"closed","ping_status":"closed","template":"","meta":[],"_links":{"self":[{"href":"https:\/\/www.tuntsa.fi\/kauppa\/index.php?rest_route=\/wp\/v2\/product\/292"}],"collection":[{"href":"https:\/\/www.tuntsa.fi\/kauppa\/index.php?rest_route=\/wp\/v2\/product"}],"about":[{"href":"https:\/\/www.tuntsa.fi\/kauppa\/index.php?rest_route=\/wp\/v2\/types\/product"}],"replies":[{"embeddable":true,"href":"https:\/\/www.tuntsa.fi\/kauppa\/index.php?rest_route=%2Fwp%2Fv2%2Fcomments&post=292"}],"wp:featuredmedia":[{"embeddable":true,"href":"https:\/\/www.tuntsa.fi\/kauppa\/index.php?rest_route=\/wp\/v2\/media\/3171"}],"wp:attachment":[{"href":"https:\/\/www.tuntsa.fi\/kauppa\/index.php?rest_route=%2Fwp%2Fv2%2Fmedia&parent=292"}],"curies":[{"name":"wp","href":"https:\/\/api.w.org\/{rel}","templated":true}]}}