{"id":146,"date":"2013-03-11T13:49:45","date_gmt":"2013-03-11T11:49:45","guid":{"rendered":"http:\/\/www.tuntsakauppa.fi\/fi\/?post_type=product&#038;p=146"},"modified":"2026-04-12T08:42:46","modified_gmt":"2026-04-12T05:42:46","slug":"kodan-keskisalko","status":"publish","type":"product","link":"https:\/\/www.tuntsa.fi\/kauppa\/?product=kodan-keskisalko","title":{"rendered":"Kodan keskisalko"},"content":{"rendered":"<p>Tuntsa-vaelluskotaan saat nyt my\u00f6s alumiinisen kokoontaitettavan keskisalon, putken halkaisija 25 mm. Salossa viisi toisiinsa liitett\u00e4v\u00e4\u00e4 osaa.<\/p>\n<p><strong>HUOM! VALITSE OIKEA KODAN KOKO!<\/strong><\/p>\n","protected":false},"excerpt":{"rendered":"<p><strong>HUOM! VALITSE OIKEA KODAN KOKO!\u00a0 \u00a0 \u00a0 \u00a0\u00a0<\/strong><\/p>\n","protected":false},"featured_media":147,"comment_status":"open","ping_status":"closed","template":"","meta":[],"_links":{"self":[{"href":"https:\/\/www.tuntsa.fi\/kauppa\/index.php?rest_route=\/wp\/v2\/product\/146"}],"collection":[{"href":"https:\/\/www.tuntsa.fi\/kauppa\/index.php?rest_route=\/wp\/v2\/product"}],"about":[{"href":"https:\/\/www.tuntsa.fi\/kauppa\/index.php?rest_route=\/wp\/v2\/types\/product"}],"replies":[{"embeddable":true,"href":"https:\/\/www.tuntsa.fi\/kauppa\/index.php?rest_route=%2Fwp%2Fv2%2Fcomments&post=146"}],"wp:featuredmedia":[{"embeddable":true,"href":"https:\/\/www.tuntsa.fi\/kauppa\/index.php?rest_route=\/wp\/v2\/media\/147"}],"wp:attachment":[{"href":"https:\/\/www.tuntsa.fi\/kauppa\/index.php?rest_route=%2Fwp%2Fv2%2Fmedia&parent=146"}],"curies":[{"name":"wp","href":"https:\/\/api.w.org\/{rel}","templated":true}]}}