{"id":112,"date":"2013-03-07T20:32:16","date_gmt":"2013-03-07T18:32:16","guid":{"rendered":"http:\/\/www.tuntsakauppa.fi\/fi\/?product=lapinkota-8m"},"modified":"2025-11-18T08:52:39","modified_gmt":"2025-11-18T06:52:39","slug":"lapinkota-8m","status":"publish","type":"product","link":"https:\/\/www.tuntsa.fi\/kauppa\/?product=lapinkota-8m","title":{"rendered":"Lapinkota 8m"},"content":{"rendered":"","protected":false},"excerpt":{"rendered":"<p>Kotamallistosta l\u00f6ytyy majoitteita moneen kokoluokkaan. Monik\u00e4ytt\u00f6inen kangaskota sopii y\u00f6pymiseen, oleskeluun tai grillauspaikaksi &#8211; yht\u00e4 hyvin omalle pihalle kuin suurempienkin joukkojen tarpeisiin esim. ohjelmanj\u00e4rjest\u00e4jille.<\/p>\n<p>Materiaali k\u00e4sitelty palosuojauksella, homeenestolla ja lis\u00e4ksi siin\u00e4 on eritt\u00e4in hyv\u00e4 vett\u00e4hylkivyys, enemm\u00e4n kuin 5000 mm vesipatsasta.<\/p>\n<p>Ruoteet eiv\u00e4t sis\u00e4lly toimitukseen.\u00a0 <strong>T\u00e4ll\u00e4 hetkell\u00e4 ei ole materiaalia varastossa\u00a0 ! Kruunua ei saatavilla !<\/strong><\/p>\n","protected":false},"featured_media":142,"comment_status":"closed","ping_status":"closed","template":"","meta":[],"_links":{"self":[{"href":"https:\/\/www.tuntsa.fi\/kauppa\/index.php?rest_route=\/wp\/v2\/product\/112"}],"collection":[{"href":"https:\/\/www.tuntsa.fi\/kauppa\/index.php?rest_route=\/wp\/v2\/product"}],"about":[{"href":"https:\/\/www.tuntsa.fi\/kauppa\/index.php?rest_route=\/wp\/v2\/types\/product"}],"replies":[{"embeddable":true,"href":"https:\/\/www.tuntsa.fi\/kauppa\/index.php?rest_route=%2Fwp%2Fv2%2Fcomments&post=112"}],"wp:featuredmedia":[{"embeddable":true,"href":"https:\/\/www.tuntsa.fi\/kauppa\/index.php?rest_route=\/wp\/v2\/media\/142"}],"wp:attachment":[{"href":"https:\/\/www.tuntsa.fi\/kauppa\/index.php?rest_route=%2Fwp%2Fv2%2Fmedia&parent=112"}],"curies":[{"name":"wp","href":"https:\/\/api.w.org\/{rel}","templated":true}]}}