{"id":100,"date":"2013-03-07T19:33:03","date_gmt":"2013-03-07T17:33:03","guid":{"rendered":"http:\/\/www.tuntsakauppa.fi\/fi\/?page_id=100"},"modified":"2026-03-23T08:17:29","modified_gmt":"2026-03-23T06:17:29","slug":"100-2","status":"publish","type":"page","link":"https:\/\/www.tuntsa.fi\/kauppa\/","title":{"rendered":""},"content":{"rendered":"<div id=\"pl-100\"  class=\"panel-layout\" ><div id=\"pg-100-0\"  class=\"panel-grid panel-no-style\" ><div id=\"pgc-100-0-0\"  class=\"panel-grid-cell\" ><div id=\"panel-100-0-0-0\" class=\"so-panel widget widget_circleicon-widget panel-first-child panel-last-child\" data-index=\"0\" >\t\t<div class=\"circle-icon-box circle-icon-position-top circle-icon-hide-box circle-icon-size-large \">\n\t\t\t\t\t\t\t<div class=\"circle-icon-wrapper\">\n\t\t\t\t\t\t\t\t\t\t<a href=\"?product_cat=lapinkodat\" class=\"link-icon\" >\t\t\t\t\t<div class=\"circle-icon icon-style-set\" style=\"background-image: url(http:\/\/www.tuntsa.fi\/kauppa\/images\/avaus_icon_lapinkodat.jpg)\">\n\t\t\t\t\t\t\t\t\t\t\t<\/div> \n\t\t\t\t\t<\/a>\t\t\t\t<\/div>\n\t\t\t\n\t\t\t\t\t\t\t<a href=\"?product_cat=lapinkodat\" class=\"link-title\" >\n\t\t\t\t\t\t\t\t\t\t<h4 >\n\t\t\t\t\tKest\u00e4v\u00e4t Lapinkodat\t\t\t\t<\/h4>\n\t\t\t\t\t\t\t\t\t\t<\/a>\n\t\t\t\n\t\t\t\t\t\t\t<p class=\"text\" >Laadukas, vuosia kest\u00e4v\u00e4 Tuntsa\u00ae-lapinkota -  sopii yht\u00e4 hyvin omaan pihaan kuin ammattimaiseen ohjelmak\u00e4ytt\u00f6\u00f6n.<\/p>\n\t\t\t\t\t\t\t\t\t\t<a href=\"?product_cat=lapinkodat\" class=\"more-button\" >Lapinkodat <i><\/i><\/a>\n\t\t\t\t\t<\/div>\n\t\t<\/div><\/div><div id=\"pgc-100-0-1\"  class=\"panel-grid-cell\" ><div id=\"panel-100-0-1-0\" class=\"so-panel widget widget_circleicon-widget panel-first-child panel-last-child\" data-index=\"1\" >\t\t<div class=\"circle-icon-box circle-icon-position-top circle-icon-hide-box circle-icon-size-large \">\n\t\t\t\t\t\t\t<div class=\"circle-icon-wrapper\">\n\t\t\t\t\t\t\t\t\t\t<a href=\"?product_cat=retkeily\" class=\"link-icon\" >\t\t\t\t\t<div class=\"circle-icon icon-style-set\" style=\"background-image: url(http:\/\/www.tuntsa.fi\/kauppa\/images\/avaus_icon_retkeily.jpg)\">\n\t\t\t\t\t\t\t\t\t\t\t<\/div> \n\t\t\t\t\t<\/a>\t\t\t\t<\/div>\n\t\t\t\n\t\t\t\t\t\t\t<a href=\"?product_cat=retkeily\" class=\"link-title\" >\n\t\t\t\t\t\t\t\t\t\t<h4 >\n\t\t\t\t\tKotaretkeily\t\t\t\t<\/h4>\n\t\t\t\t\t\t\t\t\t\t<\/a>\n\t\t\t\n\t\t\t\t\t\t\t<p class=\"text\" >Tuntsa\u00ae-vaelluskota on mukavuusretkeily\u00e4 parhaimmillaan. Loppuun asti suunniteltu kotapaketti, k\u00e4yt\u00e4nn\u00f6llisill\u00e4 yksityiskohdilla.<\/p>\n\t\t\t\t\t\t\t\t\t\t<a href=\"?product_cat=retkeily\" class=\"more-button\" >Retkeilytuotteet <i><\/i><\/a>\n\t\t\t\t\t<\/div>\n\t\t<\/div><\/div><div id=\"pgc-100-0-2\"  class=\"panel-grid-cell\" ><div id=\"panel-100-0-2-0\" class=\"so-panel widget widget_circleicon-widget panel-first-child panel-last-child\" data-index=\"2\" >\t\t<div class=\"circle-icon-box circle-icon-position-top circle-icon-hide-box circle-icon-size-large \">\n\t\t\t\t\t\t\t<div class=\"circle-icon-wrapper\">\n\t\t\t\t\t\t\t\t\t\t<a href=\"?product_cat=eraasut\" class=\"link-icon\" >\t\t\t\t\t<div class=\"circle-icon icon-style-set\" style=\"background-image: url(http:\/\/www.tuntsa.fi\/kauppa\/images\/avaus_icon_eraasut.jpg)\">\n\t\t\t\t\t\t\t\t\t\t\t<\/div> \n\t\t\t\t\t<\/a>\t\t\t\t<\/div>\n\t\t\t\n\t\t\t\t\t\t\t<a href=\"?product_cat=eraasut\" class=\"link-title\" >\n\t\t\t\t\t\t\t\t\t\t<h4 >\n\t\t\t\t\tEr\u00e4lle ja tulille\t\t\t\t<\/h4>\n\t\t\t\t\t\t\t\t\t\t<\/a>\n\t\t\t\n\t\t\t\t\t\t\t<p class=\"text\" >100% kotimaisia, kest\u00e4vi\u00e4 ja pest\u00e4vi\u00e4 mett\u00e4vaatteita - pohjoisten er\u00e4maiden keskelt\u00e4 Suomen Sallasta. Tehty suomalaisille.<\/p>\n\t\t\t\t\t\t\t\t\t\t<a href=\"?product_cat=eraasut\" class=\"more-button\" >Er\u00e4asusteet <i><\/i><\/a>\n\t\t\t\t\t<\/div>\n\t\t<\/div><\/div><div id=\"pgc-100-0-3\"  class=\"panel-grid-cell\" ><div id=\"panel-100-0-3-0\" class=\"so-panel widget widget_circleicon-widget panel-first-child panel-last-child\" data-index=\"3\" >\t\t<div class=\"circle-icon-box circle-icon-position-top circle-icon-hide-box circle-icon-size-large \">\n\t\t\t\t\t\t\t<div class=\"circle-icon-wrapper\">\n\t\t\t\t\t\t\t\t\t\t<a href=\"?product_cat=vapaaika\" class=\"link-icon\" >\t\t\t\t\t<div class=\"circle-icon icon-style-set\" style=\"background-image: url(http:\/\/www.tuntsa.fi\/kauppa\/images\/avaus_icon_vapaaika.jpg)\">\n\t\t\t\t\t\t\t\t\t\t\t<\/div> \n\t\t\t\t\t<\/a>\t\t\t\t<\/div>\n\t\t\t\n\t\t\t\t\t\t\t<a href=\"?product_cat=vapaaika\" class=\"link-title\" >\n\t\t\t\t\t\t\t\t\t\t<h4 >\n\t\t\t\t\tVahvasti vapaa-aikaan\t\t\t\t<\/h4>\n\t\t\t\t\t\t\t\t\t\t<\/a>\n\t\t\t\n\t\t\t\t\t\t\t<p class=\"text\" >Tied\u00e4mme miten suomalainen viett\u00e4\u00e4 vapaa-aikaansa. Siksi teemme vaatteet niin kuin tekisimme ne itselle. Kest\u00e4m\u00e4\u00e4n.<\/p>\n\t\t\t\t\t\t\t\t\t\t<a href=\"?product_cat=vapaaika\" class=\"more-button\" >Vapaa-ajan asusteet <i><\/i><\/a>\n\t\t\t\t\t<\/div>\n\t\t<\/div><\/div><div id=\"pgc-100-0-4\"  class=\"panel-grid-cell\" ><div id=\"panel-100-0-4-0\" class=\"so-panel widget widget_circleicon-widget panel-first-child\" data-index=\"4\" >\t\t<div class=\"circle-icon-box circle-icon-position-top circle-icon-hide-box circle-icon-size-large \">\n\t\t\t\t\t\t\t<div class=\"circle-icon-wrapper\">\n\t\t\t\t\t\t\t\t\t\t<a href=\"http:\/\/www.tuntsa.fi\/index_manuals.htm\" class=\"link-icon\" >\t\t\t\t\t<div class=\"circle-icon icon-style-set\" style=\"background-image: url(http:\/\/www.tuntsa.fi\/kauppa\/images\/manual.png);background-color: #cccccc\">\n\t\t\t\t\t\t\t\t\t\t\t<\/div> \n\t\t\t\t\t<\/a>\t\t\t\t<\/div>\n\t\t\t\n\t\t\t\t\t\t\t<a href=\"http:\/\/www.tuntsa.fi\/index_manuals.htm\" class=\"link-title\" >\n\t\t\t\t\t\t\t\t\t\t<h4 >\n\t\t\t\t\tK\u00e4ytt\u00f6ohjeet\t\t\t\t<\/h4>\n\t\t\t\t\t\t\t\t\t\t<\/a>\n\t\t\t\n\t\t\t\t\t\t\t<p class=\"text\" >Lapinkotien ja retkeilyvarusteiden pystytysohjeita.<\/p>\n\t\t\t\t\t\t\t\t\t\t<a href=\"http:\/\/www.tuntsa.fi\/index_manuals.htm\" class=\"more-button\" >Siirry k\u00e4ytt\u00f6ohjeisiin <i><\/i><\/a>\n\t\t\t\t\t<\/div>\n\t\t<\/div><div id=\"panel-100-0-4-1\" class=\"so-panel widget widget_text panel-last-child\" data-index=\"5\" ><div class=\"panel-widget-style panel-widget-style-for-100-0-4-1\" ><h3 class=\"widget-title\">Ajankohtaista<\/h3>\t\t\t<div class=\"textwidget\"><p><strong><em>Tuntsa paitaa l\u00f6ytyy koot S-M-L-XL-XXL ja XXXL varastosta !<\/em><\/strong><\/p>\n<p><em><strong>Odotettu loue varastossa ja tilattavissa !<\/strong><\/em><\/p>\n<p><strong>Vaelluskotaa valmiina molempaa kokoa\u00a0 !<\/strong><\/p>\n<p><strong>Oranssi anorakki muutamia j\u00e4ljell\u00e4, pid\u00e4 kiirett\u00e4, enemp\u00e4\u00e4 ei ehdit\u00e4 tekem\u00e4\u00e4n !<\/strong><\/p>\n<p><strong>Lapinkotakangasta\u00a0 ei ole varastossa, seuraavaa er\u00e4\u00e4 ei osaa sanoa!<\/strong><\/p>\n<p>&nbsp;<\/p>\n<p><strong>Tehtaanmyym\u00e4l\u00e4 toistaiseksi avoinna ma-ti-ke 9-16. Ty\u00f6p\u00e4ivin\u00e4 satunnaisesti my\u00f6s to-pe. Nettikauppa avoinna, tilaukset toimitetaan normaalisti.<br \/>\n<\/strong><\/p>\n<p><strong><em>Muutamissa tuotteissa puutetta jostain koosta, pyrimme valmistamaan puuttuvia niin pian kuin ehdimme, MATERIAALEISSA TOIMITUSAIKAA !<\/em><\/strong><\/p>\n<p><strong>\u00a0<\/strong><\/p>\n<p>Kauppasivut ovat suojattu ja turvalliset k\u00e4ytt\u00e4\u00e4, kaikki tiedot ovat suojauksen alla ja eik\u00e4 mit\u00e4\u00e4n tietoja niist\u00e4 p\u00e4\u00e4se ulkopuolisen k\u00e4ytt\u00f6\u00f6n.<\/p>\n<p>Seuraa ilmoitteluamme!<\/p>\n<\/div>\n\t\t<\/div><\/div><\/div><\/div><\/div>","protected":false},"excerpt":{"rendered":"<p>Tuntsa paitaa l\u00f6ytyy koot S-M-L-XL-XXL ja XXXL varastosta ! Odotettu loue varastossa ja tilattavissa ! Vaelluskotaa valmiina molempaa kokoa\u00a0 ! Oranssi anorakki muutamia j\u00e4ljell\u00e4, pid\u00e4 kiirett\u00e4, enemp\u00e4\u00e4 ei ehdit\u00e4 tekem\u00e4\u00e4n ! Lapinkotakangasta\u00a0 ei ole varastossa, seuraavaa er\u00e4\u00e4 ei osaa sanoa! &nbsp; Tehtaanmyym\u00e4l\u00e4 toistaiseksi avoinna ma-ti-ke 9-16. Ty\u00f6p\u00e4ivin\u00e4 satunnaisesti my\u00f6s to-pe. Nettikauppa avoinna, tilaukset toimitetaan normaalisti. [&hellip;]<\/p>\n","protected":false},"author":1,"featured_media":0,"parent":0,"menu_order":0,"comment_status":"closed","ping_status":"closed","template":"home-panels.php","meta":[],"_links":{"self":[{"href":"https:\/\/www.tuntsa.fi\/kauppa\/index.php?rest_route=\/wp\/v2\/pages\/100"}],"collection":[{"href":"https:\/\/www.tuntsa.fi\/kauppa\/index.php?rest_route=\/wp\/v2\/pages"}],"about":[{"href":"https:\/\/www.tuntsa.fi\/kauppa\/index.php?rest_route=\/wp\/v2\/types\/page"}],"author":[{"embeddable":true,"href":"https:\/\/www.tuntsa.fi\/kauppa\/index.php?rest_route=\/wp\/v2\/users\/1"}],"replies":[{"embeddable":true,"href":"https:\/\/www.tuntsa.fi\/kauppa\/index.php?rest_route=%2Fwp%2Fv2%2Fcomments&post=100"}],"version-history":[{"count":76,"href":"https:\/\/www.tuntsa.fi\/kauppa\/index.php?rest_route=\/wp\/v2\/pages\/100\/revisions"}],"predecessor-version":[{"id":107,"href":"https:\/\/www.tuntsa.fi\/kauppa\/index.php?rest_route=\/wp\/v2\/pages\/100\/revisions\/107"}],"wp:attachment":[{"href":"https:\/\/www.tuntsa.fi\/kauppa\/index.php?rest_route=%2Fwp%2Fv2%2Fmedia&parent=100"}],"curies":[{"name":"wp","href":"https:\/\/api.w.org\/{rel}","templated":true}]}}